{"id":456,"date":"2015-09-03T09:57:17","date_gmt":"2015-09-03T09:57:17","guid":{"rendered":"http:\/\/pitch.select-themes.com\/?page_id=456"},"modified":"2025-12-30T13:49:26","modified_gmt":"2025-12-30T13:49:26","slug":"a-propos-de-nous","status":"publish","type":"page","link":"https:\/\/cms2512.commu.isfsc.be\/index.php\/a-propos-de-nous\/","title":{"rendered":"A propos de nous"},"content":{"rendered":"<div class=\"wpb-content-wrapper\"><p>[vc_row row_type=\u00a0\u00bbrow\u00a0\u00bb use_row_as_full_screen_section=\u00a0\u00bbno\u00a0\u00bb type=\u00a0\u00bbgrid\u00a0\u00bb oblique_section=\u00a0\u00bbno\u00a0\u00bb text_align=\u00a0\u00bbcenter\u00a0\u00bb triangle_shape=\u00a0\u00bbno\u00a0\u00bb padding_top=\u00a0\u00bb72&Prime; box_shadow_on_row=\u00a0\u00bbno\u00a0\u00bb][vc_column offset=\u00a0\u00bbvc_col-lg-offset-1 vc_col-lg-10 vc_col-md-offset-1 vc_col-md-10 vc_col-sm-offset-0&Prime;][vc_column_text css=\u00a0\u00bb\u00a0\u00bb]<\/p>\n<h3><strong>Qui sommes nous ?<\/strong><\/h3>\n<p>[\/vc_column_text][vc_separator type=\u00a0\u00bbtransparent\u00a0\u00bb up=\u00a0\u00bb0&Prime; up_style=\u00a0\u00bbpx\u00a0\u00bb down=\u00a0\u00bb36&Prime; down_style=\u00a0\u00bbpx\u00a0\u00bb][vc_column_text css=\u00a0\u00bb\u00a0\u00bb]<\/p>\n<p data-start=\"853\" data-end=\"1042\">Nous sommes une agence de communication bas\u00e9e \u00e0 Bruxelles, sp\u00e9cialis\u00e9e dans la cr\u00e9ation de contenus et la mise en place de strat\u00e9gies de communication adapt\u00e9es aux besoins de chaque projet.<\/p>\n<p data-start=\"1044\" data-end=\"1338\">Notre objectif est d\u2019accompagner les marques, les projets et les organisations dans le d\u00e9veloppement de leur visibilit\u00e9, en proposant des solutions claires, coh\u00e9rentes et cr\u00e9atives. Nous croyons en une communication authentique, construite sur une bonne compr\u00e9hension des enjeux et des publics.<\/p>\n<p>[\/vc_column_text][\/vc_column][\/vc_row][vc_row row_type=\u00a0\u00bbrow\u00a0\u00bb use_row_as_full_screen_section=\u00a0\u00bbno\u00a0\u00bb type=\u00a0\u00bbgrid\u00a0\u00bb oblique_section=\u00a0\u00bbno\u00a0\u00bb text_align=\u00a0\u00bbcenter\u00a0\u00bb triangle_shape=\u00a0\u00bbno\u00a0\u00bb padding_top=\u00a0\u00bb73&Prime; box_shadow_on_row=\u00a0\u00bbno\u00a0\u00bb][vc_column offset=\u00a0\u00bbvc_col-lg-offset-1 vc_col-lg-10 vc_col-md-offset-1 vc_col-md-10&Prime;][vc_column_text css=\u00a0\u00bb\u00a0\u00bb]<\/p>\n<h3><strong>Notre approche<\/strong><\/h3>\n<p>[\/vc_column_text][vc_separator type=\u00a0\u00bbtransparent\u00a0\u00bb up=\u00a0\u00bb0&Prime; up_style=\u00a0\u00bbpx\u00a0\u00bb down=\u00a0\u00bb36&Prime; down_style=\u00a0\u00bbpx\u00a0\u00bb][\/vc_column][\/vc_row][vc_row row_type=\u00a0\u00bbrow\u00a0\u00bb use_row_as_full_screen_section=\u00a0\u00bbno\u00a0\u00bb type=\u00a0\u00bbgrid\u00a0\u00bb oblique_section=\u00a0\u00bbno\u00a0\u00bb text_align=\u00a0\u00bbcenter\u00a0\u00bb triangle_shape=\u00a0\u00bbno\u00a0\u00bb padding_top=\u00a0\u00bb73&Prime; box_shadow_on_row=\u00a0\u00bbno\u00a0\u00bb][vc_column offset=\u00a0\u00bbvc_col-lg-offset-1 vc_col-lg-10 vc_col-md-offset-1 vc_col-md-10&Prime;][vc_column_text css=\u00a0\u00bb\u00a0\u00bb]Notre m\u00e9thode de travail repose sur une approche structur\u00e9e et collaborative. Nous commen\u00e7ons chaque projet par une r\u00e9flexion strat\u00e9gique afin de d\u00e9finir une direction claire et coh\u00e9rente. La production des contenus est ensuite r\u00e9alis\u00e9e avec exigence et attention aux d\u00e9tails, avant d\u2019assurer leur diffusion et leur suivi. Tout au long du projet, nous privil\u00e9gions l\u2019\u00e9change, la transparence et l\u2019accompagnement.[\/vc_column_text][vc_separator type=\u00a0\u00bbtransparent\u00a0\u00bb up=\u00a0\u00bb0&Prime; up_style=\u00a0\u00bbpx\u00a0\u00bb down=\u00a0\u00bb36&Prime; down_style=\u00a0\u00bbpx\u00a0\u00bb][vc_column_text css=\u00a0\u00bb\u00a0\u00bb]<\/p>\n<h3><strong>Notre \u00e9quipe&nbsp;<\/strong><\/h3>\n<p>[\/vc_column_text][vc_column_text css=\u00a0\u00bb\u00a0\u00bb]<\/p>\n<p data-start=\"121\" data-end=\"461\">Notre \u00e9quipe est compos\u00e9e de profils sp\u00e9cialis\u00e9s en <strong data-start=\"173\" data-end=\"201\">production audiovisuelle<\/strong>, <strong data-start=\"203\" data-end=\"227\">direction artistique<\/strong>, <strong data-start=\"229\" data-end=\"251\">strat\u00e9gie digitale<\/strong> et <strong data-start=\"255\" data-end=\"285\">recherche en communication<\/strong>. Cette compl\u00e9mentarit\u00e9 nous permet de concevoir des projets solides, \u00e0 la fois cr\u00e9atifs et r\u00e9fl\u00e9chis, en tenant compte des objectifs, des publics et des supports de diffusion.<\/p>\n<p data-start=\"463\" data-end=\"655\">Nous travaillons de mani\u00e8re collaborative, en croisant nos comp\u00e9tences \u00e0 chaque \u00e9tape du projet, afin de garantir une communication coh\u00e9rente, pertinente et adapt\u00e9e aux besoins de nos clients.<\/p>\n<p>[\/vc_column_text][\/vc_column][\/vc_row][vc_row row_type=\u00a0\u00bbrow\u00a0\u00bb use_row_as_full_screen_section=\u00a0\u00bbno\u00a0\u00bb type=\u00a0\u00bbgrid\u00a0\u00bb oblique_section=\u00a0\u00bbno\u00a0\u00bb text_align=\u00a0\u00bbleft\u00a0\u00bb triangle_shape=\u00a0\u00bbno\u00a0\u00bb padding_top=\u00a0\u00bb69&Prime; padding_bottom=\u00a0\u00bb34&Prime; box_shadow_on_row=\u00a0\u00bbno\u00a0\u00bb][vc_column offset=\u00a0\u00bbvc_col-md-6&Prime;][vc_separator type=\u00a0\u00bbtransparent\u00a0\u00bb up=\u00a0\u00bb5&Prime; up_style=\u00a0\u00bbpx\u00a0\u00bb down=\u00a0\u00bb0&Prime; down_style=\u00a0\u00bbpx\u00a0\u00bb]\n<div class=\"wpcf7 no-js\" id=\"wpcf7-f589-o1\" lang=\"en-US\" dir=\"ltr\" data-wpcf7-id=\"589\">\n<div class=\"screen-reader-response\"><p role=\"status\" aria-live=\"polite\" aria-atomic=\"true\"><\/p> <ul><\/ul><\/div>\n<form action=\"\/index.php\/wp-json\/wp\/v2\/pages\/456#wpcf7-f589-o1\" method=\"post\" class=\"wpcf7-form init cf7_custom_style_1\" aria-label=\"Contact form\" novalidate=\"novalidate\" data-status=\"init\">\n<fieldset class=\"hidden-fields-container\"><input type=\"hidden\" name=\"_wpcf7\" value=\"589\" \/><input type=\"hidden\" name=\"_wpcf7_version\" value=\"6.1.5\" \/><input type=\"hidden\" name=\"_wpcf7_locale\" value=\"en_US\" \/><input type=\"hidden\" name=\"_wpcf7_unit_tag\" value=\"wpcf7-f589-o1\" \/><input type=\"hidden\" name=\"_wpcf7_container_post\" value=\"0\" \/><input type=\"hidden\" name=\"_wpcf7_posted_data_hash\" value=\"\" \/>\n<\/fieldset>\n<div class=\"three_columns clearfix\">\n\t<div class=\"column1\">\n\t\t<div class=\"column_inner\">\n\t\t\t<p><span class=\"wpcf7-form-control-wrap\" data-name=\"first-name\"><input size=\"40\" maxlength=\"400\" class=\"wpcf7-form-control wpcf7-text wpcf7-validates-as-required\" aria-required=\"true\" aria-invalid=\"false\" placeholder=\"First Name*\" value=\"\" type=\"text\" name=\"first-name\" \/><\/span>\n\t\t\t<\/p>\n\t\t<\/div>\n\t<\/div>\n\t<div class=\"column2\">\n\t\t<div class=\"column_inner\">\n\t\t\t<p><span class=\"wpcf7-form-control-wrap\" data-name=\"last-name\"><input size=\"40\" maxlength=\"400\" class=\"wpcf7-form-control wpcf7-text wpcf7-validates-as-required\" aria-required=\"true\" aria-invalid=\"false\" placeholder=\"Last Name*\" value=\"\" type=\"text\" name=\"last-name\" \/><\/span>\n\t\t\t<\/p>\n\t\t<\/div>\n\t<\/div>\n\t<div class=\"column3\">\n\t\t<div class=\"column_inner\">\n\t\t\t<p><span class=\"wpcf7-form-control-wrap\" data-name=\"email\"><input size=\"40\" maxlength=\"100\" class=\"wpcf7-form-control wpcf7-email wpcf7-validates-as-required wpcf7-text wpcf7-validates-as-email\" aria-required=\"true\" aria-invalid=\"false\" placeholder=\"Your Email*\" value=\"\" type=\"email\" name=\"email\" \/><\/span>\n\t\t\t<\/p>\n\t\t<\/div>\n\t<\/div>\n<\/div>\n<p><span class=\"wpcf7-form-control-wrap\" data-name=\"message\"><textarea cols=\"40\" rows=\"10\" maxlength=\"2000\" class=\"wpcf7-form-control wpcf7-textarea wpcf7-validates-as-required\" aria-required=\"true\" aria-invalid=\"false\" placeholder=\"Your Message*\" name=\"message\"><\/textarea><\/span>\n<\/p>\n<p><input class=\"wpcf7-form-control wpcf7-submit has-spinner\" type=\"submit\" value=\"Submit!\" \/>\n<\/p><div class=\"wpcf7-response-output\" aria-hidden=\"true\"><\/div>\n<\/form>\n<\/div>\n[vc_separator type=\u00a0\u00bbtransparent\u00a0\u00bb up=\u00a0\u00bb40&Prime; up_style=\u00a0\u00bbpx\u00a0\u00bb down=\u00a0\u00bb0&Prime; down_style=\u00a0\u00bbpx\u00a0\u00bb][\/vc_column][vc_column offset=\u00a0\u00bbvc_col-md-6&Prime;][vc_column_text css=\u00a0\u00bb\u00a0\u00bb][\/vc_column_text][vc_column_text css=\u00a0\u00bb\u00a0\u00bb]<\/p>\n<h3>Collaborons ensemble !<\/h3>\n<p>[\/vc_column_text][vc_separator type=\u00a0\u00bbtransparent\u00a0\u00bb up=\u00a0\u00bb21&Prime; up_style=\u00a0\u00bbpx\u00a0\u00bb down=\u00a0\u00bb0&Prime; down_style=\u00a0\u00bbpx\u00a0\u00bb][vc_column_text css=\u00a0\u00bb\u00a0\u00bb]<\/p>\n<p data-start=\"579\" data-end=\"642\">Vous avez un projet, une id\u00e9e ou un besoin en communication ?<\/p>\n<p data-start=\"649\" data-end=\"795\">Que ce soit pour cr\u00e9er du contenu, d\u00e9velopper votre image ou lancer une campagne, notre \u00e9quipe vous accompagne de la r\u00e9flexion \u00e0 la r\u00e9alisation.<\/p>\n<p data-start=\"802\" data-end=\"872\">Expliquez-nous votre projet et voyons ensemble comment lui donner vie.<\/p>\n<p>[\/vc_column_text][vc_separator type=\u00a0\u00bbtransparent\u00a0\u00bb up=\u00a0\u00bb15&Prime; up_style=\u00a0\u00bbpx\u00a0\u00bb down=\u00a0\u00bb0&Prime; down_style=\u00a0\u00bbpx\u00a0\u00bb][vc_column_text css=\u00a0\u00bb\u00a0\u00bb][\/vc_column_text][vc_separator type=\u00a0\u00bbtransparent\u00a0\u00bb up=\u00a0\u00bb40&Prime; up_style=\u00a0\u00bbpx\u00a0\u00bb down=\u00a0\u00bb0&Prime; down_style=\u00a0\u00bbpx\u00a0\u00bb][\/vc_column][\/vc_row]<\/p>\n<\/div>","protected":false},"excerpt":{"rendered":"<p>[vc_row row_type=\u00a0\u00bbrow\u00a0\u00bb use_row_as_full_screen_section=\u00a0\u00bbno\u00a0\u00bb type=\u00a0\u00bbgrid\u00a0\u00bb oblique_section=\u00a0\u00bbno\u00a0\u00bb text_align=\u00a0\u00bbcenter\u00a0\u00bb triangle_shape=\u00a0\u00bbno\u00a0\u00bb padding_top=\u00a0\u00bb72&Prime; box_shadow_on_row=\u00a0\u00bbno\u00a0\u00bb][vc_column offset=\u00a0\u00bbvc_col-lg-offset-1 vc_col-lg-10 vc_col-md-offset-1 vc_col-md-10 vc_col-sm-offset-0&Prime;][vc_column_text css=\u00a0\u00bb\u00a0\u00bb] Qui sommes nous ? [\/vc_column_text][vc_separator type=\u00a0\u00bbtransparent\u00a0\u00bb up=\u00a0\u00bb0&Prime; up_style=\u00a0\u00bbpx\u00a0\u00bb down=\u00a0\u00bb36&Prime; down_style=\u00a0\u00bbpx\u00a0\u00bb][vc_column_text css=\u00a0\u00bb\u00a0\u00bb] Nous sommes une agence de communication bas\u00e9e \u00e0 Bruxelles, sp\u00e9cialis\u00e9e dans la cr\u00e9ation de contenus et la mise en place de strat\u00e9gies de communication [&hellip;]<\/p>\n","protected":false},"author":3,"featured_media":0,"parent":0,"menu_order":0,"comment_status":"closed","ping_status":"closed","template":"","meta":{"_themeisle_gutenberg_block_has_review":false,"footnotes":""},"class_list":["post-456","page","type-page","status-publish","hentry"],"_links":{"self":[{"href":"https:\/\/cms2512.commu.isfsc.be\/index.php\/wp-json\/wp\/v2\/pages\/456","targetHints":{"allow":["GET"]}}],"collection":[{"href":"https:\/\/cms2512.commu.isfsc.be\/index.php\/wp-json\/wp\/v2\/pages"}],"about":[{"href":"https:\/\/cms2512.commu.isfsc.be\/index.php\/wp-json\/wp\/v2\/types\/page"}],"author":[{"embeddable":true,"href":"https:\/\/cms2512.commu.isfsc.be\/index.php\/wp-json\/wp\/v2\/users\/3"}],"replies":[{"embeddable":true,"href":"https:\/\/cms2512.commu.isfsc.be\/index.php\/wp-json\/wp\/v2\/comments?post=456"}],"version-history":[{"count":4,"href":"https:\/\/cms2512.commu.isfsc.be\/index.php\/wp-json\/wp\/v2\/pages\/456\/revisions"}],"predecessor-version":[{"id":57486,"href":"https:\/\/cms2512.commu.isfsc.be\/index.php\/wp-json\/wp\/v2\/pages\/456\/revisions\/57486"}],"wp:attachment":[{"href":"https:\/\/cms2512.commu.isfsc.be\/index.php\/wp-json\/wp\/v2\/media?parent=456"}],"curies":[{"name":"wp","href":"https:\/\/api.w.org\/{rel}","templated":true}]}}

<div class="wpb-content-wrapper"><p>[vc_row row_type= »row » use_row_as_full_screen_section= »no » type= »grid » oblique_section= »no » text_align= »center » triangle_shape= »no » padding_top= »72&Prime; box_shadow_on_row= »no »][vc_column offset= »vc_col-lg-offset-1 vc_col-lg-10 vc_col-md-offset-1 vc_col-md-10 vc_col-sm-offset-0&Prime;][vc_column_text css= » »]</p>
<h3><strong>Qui sommes nous ?</strong></h3>
<p>[/vc_column_text][vc_separator type= »transparent » up= »0&Prime; up_style= »px » down= »36&Prime; down_style= »px »][vc_column_text css= » »]</p>
<p data-start="853" data-end="1042">Nous sommes une agence de communication basée à Bruxelles, spécialisée dans la création de contenus et la mise en place de stratégies de communication adaptées aux besoins de chaque projet.</p>
<p data-start="1044" data-end="1338">Notre objectif est d’accompagner les marques, les projets et les organisations dans le développement de leur visibilité, en proposant des solutions claires, cohérentes et créatives. Nous croyons en une communication authentique, construite sur une bonne compréhension des enjeux et des publics.</p>
<p>[/vc_column_text][/vc_column][/vc_row][vc_row row_type= »row » use_row_as_full_screen_section= »no » type= »grid » oblique_section= »no » text_align= »center » triangle_shape= »no » padding_top= »73&Prime; box_shadow_on_row= »no »][vc_column offset= »vc_col-lg-offset-1 vc_col-lg-10 vc_col-md-offset-1 vc_col-md-10&Prime;][vc_column_text css= » »]</p>
<h3><strong>Notre approche</strong></h3>
<p>[/vc_column_text][vc_separator type= »transparent » up= »0&Prime; up_style= »px » down= »36&Prime; down_style= »px »][/vc_column][/vc_row][vc_row row_type= »row » use_row_as_full_screen_section= »no » type= »grid » oblique_section= »no » text_align= »center » triangle_shape= »no » padding_top= »73&Prime; box_shadow_on_row= »no »][vc_column offset= »vc_col-lg-offset-1 vc_col-lg-10 vc_col-md-offset-1 vc_col-md-10&Prime;][vc_column_text css= » »]Notre méthode de travail repose sur une approche structurée et collaborative. Nous commençons chaque projet par une réflexion stratégique afin de définir une direction claire et cohérente. La production des contenus est ensuite réalisée avec exigence et attention aux détails, avant d’assurer leur diffusion et leur suivi. Tout au long du projet, nous privilégions l’échange, la transparence et l’accompagnement.[/vc_column_text][vc_separator type= »transparent » up= »0&Prime; up_style= »px » down= »36&Prime; down_style= »px »][vc_column_text css= » »]</p>
<h3><strong>Notre équipe&nbsp;</strong></h3>
<p>[/vc_column_text][vc_column_text css= » »]</p>
<p data-start="121" data-end="461">Notre équipe est composée de profils spécialisés en <strong data-start="173" data-end="201">production audiovisuelle</strong>, <strong data-start="203" data-end="227">direction artistique</strong>, <strong data-start="229" data-end="251">stratégie digitale</strong> et <strong data-start="255" data-end="285">recherche en communication</strong>. Cette complémentarité nous permet de concevoir des projets solides, à la fois créatifs et réfléchis, en tenant compte des objectifs, des publics et des supports de diffusion.</p>
<p data-start="463" data-end="655">Nous travaillons de manière collaborative, en croisant nos compétences à chaque étape du projet, afin de garantir une communication cohérente, pertinente et adaptée aux besoins de nos clients.</p>
<p>[/vc_column_text][/vc_column][/vc_row][vc_row row_type= »row » use_row_as_full_screen_section= »no » type= »grid » oblique_section= »no » text_align= »left » triangle_shape= »no » padding_top= »69&Prime; padding_bottom= »34&Prime; box_shadow_on_row= »no »][vc_column offset= »vc_col-md-6&Prime;][vc_separator type= »transparent » up= »5&Prime; up_style= »px » down= »0&Prime; down_style= »px »]
<div class="wpcf7 no-js" id="wpcf7-f589-o1" lang="en-US" dir="ltr" data-wpcf7-id="589">
<div class="screen-reader-response"><p role="status" aria-live="polite" aria-atomic="true"></p> <ul></ul></div>
<form action="/index.php/wp-json/wp/v2/pages/456#wpcf7-f589-o1" method="post" class="wpcf7-form init cf7_custom_style_1" aria-label="Contact form" novalidate="novalidate" data-status="init">
<fieldset class="hidden-fields-container"><input type="hidden" name="_wpcf7" value="589" /><input type="hidden" name="_wpcf7_version" value="6.1.5" /><input type="hidden" name="_wpcf7_locale" value="en_US" /><input type="hidden" name="_wpcf7_unit_tag" value="wpcf7-f589-o1" /><input type="hidden" name="_wpcf7_container_post" value="0" /><input type="hidden" name="_wpcf7_posted_data_hash" value="" />
</fieldset>
<div class="three_columns clearfix">
	<div class="column1">
		<div class="column_inner">
			<p><span class="wpcf7-form-control-wrap" data-name="first-name"><input size="40" maxlength="400" class="wpcf7-form-control wpcf7-text wpcf7-validates-as-required" aria-required="true" aria-invalid="false" placeholder="First Name*" value="" type="text" name="first-name" /></span>
			</p>
		</div>
	</div>
	<div class="column2">
		<div class="column_inner">
			<p><span class="wpcf7-form-control-wrap" data-name="last-name"><input size="40" maxlength="400" class="wpcf7-form-control wpcf7-text wpcf7-validates-as-required" aria-required="true" aria-invalid="false" placeholder="Last Name*" value="" type="text" name="last-name" /></span>
			</p>
		</div>
	</div>
	<div class="column3">
		<div class="column_inner">
			<p><span class="wpcf7-form-control-wrap" data-name="email"><input size="40" maxlength="100" class="wpcf7-form-control wpcf7-email wpcf7-validates-as-required wpcf7-text wpcf7-validates-as-email" aria-required="true" aria-invalid="false" placeholder="Your Email*" value="" type="email" name="email" /></span>
			</p>
		</div>
	</div>
</div>
<p><span class="wpcf7-form-control-wrap" data-name="message"><textarea cols="40" rows="10" maxlength="2000" class="wpcf7-form-control wpcf7-textarea wpcf7-validates-as-required" aria-required="true" aria-invalid="false" placeholder="Your Message*" name="message"></textarea></span>
</p>
<p><input class="wpcf7-form-control wpcf7-submit has-spinner" type="submit" value="Submit!" />
</p><div class="wpcf7-response-output" aria-hidden="true"></div>
</form>
</div>
[vc_separator type= »transparent » up= »40&Prime; up_style= »px » down= »0&Prime; down_style= »px »][/vc_column][vc_column offset= »vc_col-md-6&Prime;][vc_column_text css= » »][/vc_column_text][vc_column_text css= » »]</p>
<h3>Collaborons ensemble !</h3>
<p>[/vc_column_text][vc_separator type= »transparent » up= »21&Prime; up_style= »px » down= »0&Prime; down_style= »px »][vc_column_text css= » »]</p>
<p data-start="579" data-end="642">Vous avez un projet, une idée ou un besoin en communication ?</p>
<p data-start="649" data-end="795">Que ce soit pour créer du contenu, développer votre image ou lancer une campagne, notre équipe vous accompagne de la réflexion à la réalisation.</p>
<p data-start="802" data-end="872">Expliquez-nous votre projet et voyons ensemble comment lui donner vie.</p>
<p>[/vc_column_text][vc_separator type= »transparent » up= »15&Prime; up_style= »px » down= »0&Prime; down_style= »px »][vc_column_text css= » »][/vc_column_text][vc_separator type= »transparent » up= »40&Prime; up_style= »px » down= »0&Prime; down_style= »px »][/vc_column][/vc_row]</p>
</div>

<p>[vc_row row_type= »row » use_row_as_full_screen_section= »no » type= »grid » oblique_section= »no » text_align= »center » triangle_shape= »no » padding_top= »72&Prime; box_shadow_on_row= »no »][vc_column offset= »vc_col-lg-offset-1 vc_col-lg-10 vc_col-md-offset-1 vc_col-md-10 vc_col-sm-offset-0&Prime;][vc_column_text css= » »] Qui sommes nous ? [/vc_column_text][vc_separator type= »transparent » up= »0&Prime; up_style= »px » down= »36&Prime; down_style= »px »][vc_column_text css= » »] Nous sommes une agence de communication basée à Bruxelles, spécialisée dans la création de contenus et la mise en place de stratégies de communication [&hellip;]</p>
